{"id":232,"date":"2023-11-23T15:05:33","date_gmt":"2023-11-23T15:05:33","guid":{"rendered":"http:\/\/linta.uids.testing.sedici.unlp.edu.ar\/?page_id=232"},"modified":"2024-11-26T12:08:03","modified_gmt":"2024-11-26T12:08:03","slug":"inicio-2","status":"publish","type":"page","link":"https:\/\/linta.cic.gba.gob.ar\/","title":{"rendered":"Inicio"},"content":{"rendered":"\t\t<div data-elementor-type=\"wp-page\" data-elementor-id=\"232\" class=\"elementor elementor-232\">\n\t\t\t\t\t\t<section class=\"elementor-section elementor-top-section elementor-element elementor-element-17e902a elementor-section-full_width elementor-section-height-default elementor-section-height-default\" data-id=\"17e902a\" data-element_type=\"section\" data-e-type=\"section\">\n\t\t\t\t\t\t<div class=\"elementor-container elementor-column-gap-no\">\n\t\t\t\t\t<div class=\"elementor-column elementor-col-100 elementor-top-column elementor-element elementor-element-164555b\" data-id=\"164555b\" data-element_type=\"column\" data-e-type=\"column\">\n\t\t\t<div class=\"elementor-widget-wrap elementor-element-populated\">\n\t\t\t\t\t\t<div class=\"elementor-element elementor-element-2df590f elementor-widget__width-initial elementor-widget elementor-widget-text-editor\" data-id=\"2df590f\" data-element_type=\"widget\" data-e-type=\"widget\" data-widget_type=\"text-editor.default\">\n\t\t\t\t<div class=\"elementor-widget-container\">\n\t\t\t\t\t\t\t\t\t<p style=\"text-align: left\">El <strong>Laboratorio de Investigaciones del Territorio y el Ambiente (LINTA)<\/strong> es un centro propio de la Comisi\u00f3n de Investigaciones Cient\u00edficas (<strong>CIC<\/strong>) de la provincia de Buenos Aires. Fue creado en 1991 para desarrollar actividades de investigaci\u00f3n y transferencia vinculadas con la planificaci\u00f3n del ambiente construido.<\/p><p>Actualmente, gran parte del esfuerzo est\u00e1 dedicado a la investigaci\u00f3n y la asistencia t\u00e9cnica en el campo de la planificaci\u00f3n territorial, el an\u00e1lisis de los mercados y las pol\u00edticas de suelo urbano, el transporte y la movilidad y el patrimonio construido en la provincia de Buenos Aires.<\/p><p>Como parte del sistema cient\u00edfico t\u00e9cnico, el LINTA tiene entre sus funciones b\u00e1sicas producir conocimiento, transferirlo y formar recursos humanos.<\/p><p>Su agenda de trabajo guarda estrecha relaci\u00f3n con las necesidades de la pol\u00edtica p\u00fablica provincial, mediante el aporte de un equipo interdisciplinario que re\u00fane profesionales del urbanismo, la arquitectura, la geograf\u00eda, la sociolog\u00eda y el derecho.<\/p>\t\t\t\t\t\t\t\t<\/div>\n\t\t\t\t<\/div>\n\t\t\t\t\t<\/div>\n\t\t<\/div>\n\t\t\t\t\t<\/div>\n\t\t<\/section>\n\t\t\t\t<section class=\"elementor-section elementor-top-section elementor-element elementor-element-2212569 elementor-section-full_width elementor-section-height-default elementor-section-height-default\" data-id=\"2212569\" data-element_type=\"section\" data-e-type=\"section\">\n\t\t\t\t\t\t<div class=\"elementor-container elementor-column-gap-default\">\n\t\t\t\t\t<div class=\"elementor-column elementor-col-100 elementor-top-column elementor-element elementor-element-ffc9ec4\" data-id=\"ffc9ec4\" data-element_type=\"column\" data-e-type=\"column\">\n\t\t\t<div class=\"elementor-widget-wrap elementor-element-populated\">\n\t\t\t\t\t\t<div class=\"elementor-element elementor-element-08232a1 elementor-widget elementor-widget-spacer\" data-id=\"08232a1\" data-element_type=\"widget\" data-e-type=\"widget\" data-widget_type=\"spacer.default\">\n\t\t\t\t<div class=\"elementor-widget-container\">\n\t\t\t\t\t\t\t<div class=\"elementor-spacer\">\n\t\t\t<div class=\"elementor-spacer-inner\"><\/div>\n\t\t<\/div>\n\t\t\t\t\t\t<\/div>\n\t\t\t\t<\/div>\n\t\t\t\t\t<\/div>\n\t\t<\/div>\n\t\t\t\t\t<\/div>\n\t\t<\/section>\n\t\t\t\t<\/div>\n\t\t","protected":false},"excerpt":{"rendered":"<p>El Laboratorio de Investigaciones del Territorio y el Ambiente (LINTA) es un centro propio de la Comisi\u00f3n de Investigaciones Cient\u00edficas (CIC) de la provincia de Buenos Aires. Fue creado en 1991 para desarrollar actividades de investigaci\u00f3n y transferencia vinculadas con la planificaci\u00f3n del ambiente construido. Actualmente, gran parte del esfuerzo est\u00e1 dedicado a la investigaci\u00f3n [&hellip;]<\/p>\n","protected":false},"author":125,"featured_media":0,"parent":0,"menu_order":0,"comment_status":"closed","ping_status":"closed","template":"","meta":{"footnotes":""},"class_list":["post-232","page","type-page","status-publish","hentry","entry"],"_links":{"self":[{"href":"https:\/\/linta.cic.gba.gob.ar\/index.php?rest_route=\/wp\/v2\/pages\/232","targetHints":{"allow":["GET"]}}],"collection":[{"href":"https:\/\/linta.cic.gba.gob.ar\/index.php?rest_route=\/wp\/v2\/pages"}],"about":[{"href":"https:\/\/linta.cic.gba.gob.ar\/index.php?rest_route=\/wp\/v2\/types\/page"}],"author":[{"embeddable":true,"href":"https:\/\/linta.cic.gba.gob.ar\/index.php?rest_route=\/wp\/v2\/users\/125"}],"replies":[{"embeddable":true,"href":"https:\/\/linta.cic.gba.gob.ar\/index.php?rest_route=%2Fwp%2Fv2%2Fcomments&post=232"}],"version-history":[{"count":33,"href":"https:\/\/linta.cic.gba.gob.ar\/index.php?rest_route=\/wp\/v2\/pages\/232\/revisions"}],"predecessor-version":[{"id":2381,"href":"https:\/\/linta.cic.gba.gob.ar\/index.php?rest_route=\/wp\/v2\/pages\/232\/revisions\/2381"}],"wp:attachment":[{"href":"https:\/\/linta.cic.gba.gob.ar\/index.php?rest_route=%2Fwp%2Fv2%2Fmedia&parent=232"}],"curies":[{"name":"wp","href":"https:\/\/api.w.org\/{rel}","templated":true}]}}